2*s. Calculate the remainder when s is divided by r.
25
Let i be (-3 - 204/(-84))/((-2)/7). Suppose 2*c - 6 = -2*h, 4*h + 2 + 10 = 4*c. Calculate the remainder when -4*c*i/(-3) is divided by 2.
0
Let x = 6041 + -5958. What is the remainder when 114 is divided by x?
31
Let n = -146043 - -146097. Suppose -w - 176 = -5*c, c - 4*w - 11 = 9. What is the remainder when n is divided by c?
18
Let s(i) be the first derivative of i**4/2 + 2*i**3/3 + 3*i**2 + 4*i + 36. Let c(x) = -x + 6. Let n be c(3). Calculate the remainder when s(n) is divided by 16.
14
Suppose 73*c = 100*c - 11232. What is the remainder when c is divided by 282?
134
Let c(y) be the first derivative of -y**2/2 + 37*y + 30. What is the remainder when 117 is divided by c(7)?
27
Suppose -q + 10 = 4*j, 5*q + 3*j + 2*j = 20. Suppose -23 = -q*t + t. What is the remainder when 94 is divided by t?
2
Let b(f) = -f**2 + 40*f - 20. Let n(t) = -305*t - 9. What is the remainder when n(-1) is divided by b(39)?
11
Let h = 18911 - 18899. Calculate the remainder when 1/2 - 45/(-2) is divided by h.
11
Suppose 0 = 160*x - 34327 - 7273. Calculate the remainder when x is divided by 26.
0
Let f(h) = h**2 - 2*h - 5. Let j be f(3). Suppose -4*i - 2*a = 12, 0*i + 3*i - 2*a = 5. What is the remainder when 49 is divided by i - -15 - 2*j?
13
Let p = -2874 + 3152. Calculate the remainder when p is divided by 224.
54
Suppose -2*c + 2*x = -0*c - 56, c - 36 = -x. Calculate the remainder when c is divided by 81/3*(-26)/(-78)*1.
5
Let x(j) = j**3 + 6*j**2 - 13*j - 15. Suppose 0 = 2*k + 61 - 19. Let l = k - -38. Calculate the remainder when x(-6) is divided by l.
12
Let x = -63 + 71. Suppose x*l - 350 - 266 = 0. What is the remainder when l is divided by 14?
7
Calculate the remainder when 23*9 + (-48)/(-28)*(-112)/32 is divided by 12.
9
What is the remainder when (-9)/15 + 7/140*11192 is divided by 21?
13
Suppose -331*w = -333*w + 20. Let t = -5 - -8. Suppose -5*p - a = -0*p - 18, -t*a = p - 12. What is the remainder when w is divided by p?
1
Let i = -6363 + 6400. What is the remainder when 1 - 0 - (-148 + 3) is divided by i?
35
Let a = -702 - -1107. Suppose -8*q = 7*q - a. Suppose 0 = 2*s - 0*s - 12. What is the remainder when q is divided by s?
3
Let p = -192 + 190. What is the remainder when 282 is divided by p/((-110)/(-38) - (16 - 13))?
16
Let f(i) = -i**2 + 15*i - 26. Let w be f(2). Suppose -73*c + 63*c + 320 = w. What is the remainder when c is divided by 10?
2
What is the remainder when (148 - (-96)/(-12))*10 is divided by 54?
50
Suppose i - 55108 = -91*i. What is the remainder when i is divided by 43?
40
Let f be (4*-1)/(-14 + 16) - -5. Suppose 3*d = 3, 0 = f*x + 7*d - 3*d - 493. Suppose 4*k + 63 = x. Calculate the remainder when 95 is divided by k.
20
Let f(n) = n. Suppose -2*r = -4*k + 22, 15 = -k - 3*r + 3. Let b be f(k). Suppose 0 = -b*u - 1 + 10. What is the remainder when 14 is divided by u?
2
Let h = -4005 - -4750. What is the remainder when h is divided by 109?
91
Suppose 143*z = 145*z. Suppose 5*v - 356 = -2*w, -5*v - 4*w - 48 + 400 = z. Calculate the remainder when v is divided by 19.
15
Suppose 2*p - 3*p = -10. Let m be ((-18)/p - -2) + (-42)/10. Calculate the remainder when (-266)/m + 3/(-2) is divided by 14.
9
Let o = 19461 - 19398. What is the remainder when 131 is divided by o?
5
Suppose 846*j - 10 = 848*j, 5*j - 47 = -4*b. Calculate the remainder when 791 is divided by b.
17
Let d = 7218 - 5147. What is the remainder when d is divided by 8?
7
Suppose -273*t + 40 = -278*t, -4*v + 88 = t. Suppose -4*k = -64 - 120. Calculate the remainder when k is divided by v.
22
Calculate the remainder when 7 - -161 - -11*2 is divided by 40.
30
Let m(q) = 5*q**2 + 52*q + 26. Let p be m(-11). What is the remainder when 102 is divided by p/1 + (16 - 23)?
50
Let s(g) be the third derivative of 17*g**2 + 0*g + 1/24*g**4 + 0 + 5/3*g**3. Calculate the remainder when 47 is divided by s(0).
7
Let c = 49 - -6. Let u(s) = 2*s**2 + 3*s. Let j be u(1). Suppose -j*l + 10*l = c. Calculate the remainder when 54 is divided by l.
10
Let b be (-2)/(-1)*(2282 + -4). Suppose 0 = -27*h - b + 12305. Calculate the remainder when h is divided by 16.
15
Let t be (4 + -2)/1 + (4 - 58). Calculate the remainder when (t - -48)/((-4)/13) is divided by 4.
1
Suppose -4*i = -21*j - 83, i = 2*j - 4*j + 28. What is the remainder when 420 is divided by i?
4
Let r be 33/6 - 2/4. Suppose -3*m - 5*y + 17 = -6*y, 29 = r*m - 2*y. What is the remainder when 53 is divided by m?
3
Let n = -36565 - -36569. Suppose 26 = 2*a + 6. What is the remainder when a is divided by n?
2
Let p = -483 - -488. Suppose 8*z - 3*z + 4*n = 494, n + 489 = p*z. What is the remainder when z is divided by 15?
8
Let z(y) = -y**3 + 8*y**2 + 161*y - 1300. Let b(m) = -8*m**3 + m**2 + m + 2. What is the remainder when b(-2) is divided by z(9)?
0
Let u(d) = -d + 3. Let x be u(1). Let r(h) = 8 - 13 + 13*h + x*h**2 - 3*h**2 - 17. Calculate the remainder when 35 is divided by r(5).
17
Let l(m) = -m**3 + 17*m**2 - 26*m + 452. Calculate the remainder when 164 is divided by l(17).
4
Suppose 5*n = 10*n + 15. Let u be n/4 + (-555)/(-20). Suppose 109 = 8*f - u. Calculate the remainder when f is divided by 13.
4
Let r be 60/14 - ((-4)/(-7))/2. Suppose 60 = r*o - 0*o. Calculate the remainder when 57 + (-6)/(-9)*3 is divided by o.
14
Suppose 2*b - 4*b + 80 = 0. Suppose 25*a - 222 = -4*q + 4*a, 4*q + 4*a - 52 = 0. What is the remainder when b is divided by q?
1
Let c = -10966 + 11034. Let n(q) = 22*q**2 + 2*q - 1. What is the remainder when c is divided by n(1)?
22
Let d = 1725 - 1698. Let n(s) = 10*s**3 + 3*s**2 - 3*s - 2. Let x be n(-3). Let k = d - x. Calculate the remainder when k is divided by 53.
51
Let m(a) = -28*a - 1. Let x be m(3). Let s(z) = 3*z**2 - 6*z - 4. Calculate the remainder when s(5) is divided by 5 + x/(-15) + (-1)/(-3).
8
Suppose 8*v + 5*m + 132 = 11*v, -v + 4*m + 44 = 0. Let d be 214/6 + 2/(-3). Suppose -3*h - 8 = -d. Calculate the remainder when v is divided by h.
8
Let a = 4999 - 4955. Calculate the remainder when 4081 is divided by a.
33
Suppose -h - 5*g + 81 = 0, 3*g - 152 = -4*h + 138. Suppose 0 = 3*o + 3, -4*f + h = -2*f + 3*o. What is the remainder when f is divided by 6?
1
Let q be ((-2)/(-3))/((-5)/(-810)*9). Calculate the remainder when 215 is divided by 48*1*q/16.
35
Let f = -156 - -525. Suppose -13*v = -4*v - f. Calculate the remainder when v is divided by 7.
6
Let y(a) = -a**3 - 86*a**2 - 90*a - 49. Calculate the remainder when y(-85) is divided by 6.
4
Suppose -30*p + 39 + 111 = 0. Calculate the remainder when 38 is divided by -5 - (6 + -27) - p.
5
Let l = 294 + -296. Calculate the remainder when (-388)/l + (-6)/(30/25) is divided by 33.
24
Let m(o) = 11*o - 40. Let f be m(10). Suppose -71*c + 138 = -f*c. What is the remainder when c is divided by 10?
8
Suppose -67*c = 30*c + 90*c - 17391. Calculate the remainder when c is divided by 28.
9
Let o = 4288 + -4242. Calculate the remainder when o is divided by 12.
10
Calculate the remainder when 402 is divided by (-4040)/(-500) - 4/50.
2
Let m = 5 + -1. Suppose m = -2*y + 14. Let u = -677 + 680. Calculate the remainder when y is divided by u.
2
Suppose 4*j - 2*f - 1 = 21, f + 8 = j. Suppose 4*u = 6*a - j*a + 1, -2 = 3*u - 5*a. Calculate the remainder when 27 is divided by ((-1)/(-5)*13)/(u/5).
1
Let u(o) = 1736*o - 6469. Calculate the remainder when 952 is divided by u(4).
2
Let d be 6/(-24)*-108 + 3. Suppose 7 - 109 = -3*y. Suppose 4*n - d = y. What is the remainder when 28 is divided by n?
12
Suppose 16*f - 838 - 1296 = -6*f. What is the remainder when f is divided by 9?
7
Let a(v) = -35*v. Let j be a(-2). Suppose d - j = -d. Calculate the remainder when 9*15/(-15) - -148 is divided by d.
34
Suppose 472 = 105*m - 1208. Let g(o) = 8*o - 5. Let k(v) = -1. Let n(b) = g(b) + 6*k(b). What is the remainder when n(11) is divided by m?
13
Let l be 3/7 + (-4077)/(-189). Suppose 23*a - 9 = l*a. Let s = 29 + -12. What is the remainder when s is divided by a?
8
Suppose -5*m + a + 1509 = -4250, -6890 = -6*m - 4*a. What is the remainder when m is divided by 226?
21
Let v = 254 + -107. Let x = -18 - -34. What is the remainder when 3885/v - 4/(-7) is divided by x?
11
Suppose 0 = -3*f - 4*a + 10236, 10*f - a - 31099 = 3064. 